{"id":6,"date":"2013-07-08T12:38:31","date_gmt":"2013-07-08T10:38:31","guid":{"rendered":"http:\/\/regenbogenkiga.de\/kiga\/?page_id=6"},"modified":"2025-02-03T11:19:57","modified_gmt":"2025-02-03T09:19:57","slug":"uber-uns","status":"publish","type":"page","link":"https:\/\/regenbogenkiga.de\/kiga\/uber-uns\/","title":{"rendered":"\u00dcber uns"},"content":{"rendered":"<p>Unser Regenbogenkindergarten ist eine inklusiv arbeitende Kindertagesst\u00e4tte und Bewegungskindergarten, der Kinder im Alter von 2 \u2013 6 Jahren ganzheitlich begleitet, bildet, f\u00f6rdert und betreut.<\/p>\n<p>Unsere 97 Kinder spielen, lachen und lernen in f\u00fcnf Gruppen mit je 15 &#8211; 23 Kindern. In jeder Gruppe k\u00f6nnen Kinder mit besonderem F\u00f6rderbedarf (Behinderung, Entwicklungsauff\u00e4lligkeit) betreut werden.<\/p>\n<p><strong>Wir sind ein Elterninitiativkindergarten.<\/strong><\/p>\n<p>Wir treffen unsere Entscheidungen gemeinsam mit<\/p>\n<ul>\n<li>dem Team<\/li>\n<li>dem Elternrat<\/li>\n<li>dem Vorstand (7 gew\u00e4hlte Eltern)<\/li>\n<\/ul>\n<p><strong>Wir alle sind f\u00fcr Ihre Kinder da!<\/strong><\/p>\n<table border=\"0\">\n<tbody>\n<tr>\n<td align=\"left\" valign=\"top\"><a title=\"Mitarbeiter\" href=\"http:\/\/regenbogenkiga.de\/kiga\/team-2\/mitarbeiter\/\">Mitarbeiter<\/a><\/td>\n<td align=\"left\" valign=\"top\"><a title=\"Vorstand\" href=\"http:\/\/regenbogenkiga.de\/kiga\/team-2\/vorstand\/\">Vorstand<\/a><\/td>\n<td align=\"left\" valign=\"top\"><a title=\"Elternrat\" href=\"http:\/\/regenbogenkiga.de\/kiga\/elternrat\/\">Elternrat<\/a><\/td>\n<\/tr>\n<\/tbody>\n<\/table>\n<p>Damit sich die Kinder im Kindergarten wohlf\u00fchlen, unterst\u00fctzen uns alle Familien bei unterschiedlichen Aktionen und anfallenden Arbeiten rund um den Kindergarten.<\/p>\n<p>Durch gemeinsame Aktionen wie Elternabende, Stammtische, Elterncafe, Feste und Feiern lernen wir uns kennen.<\/p>\n<p>Unsere p\u00e4dagogischen und therapeutischen Schwerpunkte<\/p>\n<table border=\"0\">\n<tbody>\n<tr style=\"background-color: #faebd7;\">\n<td><a title=\"Integration Inklusion\" href=\"http:\/\/regenbogenkiga.de\/kiga\/integration-inklusion\/\"><strong>Integration\u00a0<\/strong><strong><br \/>\n<\/strong><\/a><\/td>\n<td><a title=\"Sprache\" href=\"http:\/\/regenbogenkiga.de\/kiga\/sprache\/\"><strong>Sprachf\u00f6rderung<\/strong><strong><br \/>\n<\/strong><\/a><\/td>\n<td><a title=\"Bewegung\" href=\"http:\/\/regenbogenkiga.de\/kiga\/bewegung\/\"><strong>Bewegung<\/strong><strong><br \/>\n<\/strong><\/a><\/td>\n<td><a title=\"Musik\" href=\"http:\/\/regenbogenkiga.de\/kiga\/musik\/\"><strong>Musik<\/strong><\/a><\/td>\n<\/tr>\n<\/tbody>\n<\/table>\n","protected":false},"excerpt":{"rendered":"<p>Unser Regenbogenkindergarten ist eine inklusiv arbeitende Kindertagesst\u00e4tte und Bewegungskindergarten, der Kinder im Alter von 2 \u2013 6 Jahren ganzheitlich begleitet, bildet, f\u00f6rdert und betreut. Unsere 97 Kinder spielen, lachen und lernen in f\u00fcnf Gruppen mit je 15 &#8211; 23 Kindern. &hellip;<span class=\"more-link\"><a href=\"https:\/\/regenbogenkiga.de\/kiga\/uber-uns\/\"><span class=\"button\">Continue reading &rarr;<\/span><\/a><\/span><\/p>\n","protected":false},"author":1,"featured_media":0,"parent":0,"menu_order":0,"comment_status":"closed","ping_status":"closed","template":"","meta":{"ngg_post_thumbnail":0,"footnotes":""},"yoast_head":"<!-- This site is optimized with the Yoast SEO plugin v21.3 - https:\/\/yoast.com\/wordpress\/plugins\/seo\/ -->\n<title>\u00dcber uns - Regenbogenkindergarten<\/title>\n<meta name=\"robots\" content=\"index, follow, max-snippet:-1, max-image-preview:large, max-video-preview:-1\" \/>\n<link rel=\"canonical\" href=\"https:\/\/regenbogenkiga.de\/kiga\/uber-uns\/\" \/>\n<meta property=\"og:locale\" content=\"de_DE\" \/>\n<meta property=\"og:type\" content=\"article\" \/>\n<meta property=\"og:title\" content=\"\u00dcber uns - Regenbogenkindergarten\" \/>\n<meta property=\"og:description\" content=\"Unser Regenbogenkindergarten ist eine inklusiv arbeitende Kindertagesst\u00e4tte und Bewegungskindergarten, der Kinder im Alter von 2 \u2013 6 Jahren ganzheitlich begleitet, bildet, f\u00f6rdert und betreut. Unsere 97 Kinder spielen, lachen und lernen in f\u00fcnf Gruppen mit je 15 &#8211; 23 Kindern. &hellip;Continue reading &rarr;\" \/>\n<meta property=\"og:url\" content=\"https:\/\/regenbogenkiga.de\/kiga\/uber-uns\/\" \/>\n<meta property=\"og:site_name\" content=\"Regenbogenkindergarten\" \/>\n<meta property=\"article:modified_time\" content=\"2025-02-03T09:19:57+00:00\" \/>\n<meta name=\"twitter:label1\" content=\"Gesch\u00e4tzte Lesezeit\" \/>\n\t<meta name=\"twitter:data1\" content=\"1\u00a0Minute\" \/>\n<script type=\"application\/ld+json\" class=\"yoast-schema-graph\">{\"@context\":\"https:\/\/schema.org\",\"@graph\":[{\"@type\":\"WebPage\",\"@id\":\"https:\/\/regenbogenkiga.de\/kiga\/uber-uns\/\",\"url\":\"https:\/\/regenbogenkiga.de\/kiga\/uber-uns\/\",\"name\":\"\u00dcber uns - Regenbogenkindergarten\",\"isPartOf\":{\"@id\":\"https:\/\/regenbogenkiga.de\/kiga\/#website\"},\"datePublished\":\"2013-07-08T10:38:31+00:00\",\"dateModified\":\"2025-02-03T09:19:57+00:00\",\"inLanguage\":\"de\",\"potentialAction\":[{\"@type\":\"ReadAction\",\"target\":[\"https:\/\/regenbogenkiga.de\/kiga\/uber-uns\/\"]}]},{\"@type\":\"WebSite\",\"@id\":\"https:\/\/regenbogenkiga.de\/kiga\/#website\",\"url\":\"https:\/\/regenbogenkiga.de\/kiga\/\",\"name\":\"Regenbogenkindergarten\",\"description\":\"Elterninitiative Kindergarten Regenbogen e.V. -  Hamminkeln\",\"potentialAction\":[{\"@type\":\"SearchAction\",\"target\":{\"@type\":\"EntryPoint\",\"urlTemplate\":\"https:\/\/regenbogenkiga.de\/kiga\/?s={search_term_string}\"},\"query-input\":\"required name=search_term_string\"}],\"inLanguage\":\"de\"}]}<\/script>\n<!-- \/ Yoast SEO plugin. -->","yoast_head_json":{"title":"\u00dcber uns - Regenbogenkindergarten","robots":{"index":"index","follow":"follow","max-snippet":"max-snippet:-1","max-image-preview":"max-image-preview:large","max-video-preview":"max-video-preview:-1"},"canonical":"https:\/\/regenbogenkiga.de\/kiga\/uber-uns\/","og_locale":"de_DE","og_type":"article","og_title":"\u00dcber uns - Regenbogenkindergarten","og_description":"Unser Regenbogenkindergarten ist eine inklusiv arbeitende Kindertagesst\u00e4tte und Bewegungskindergarten, der Kinder im Alter von 2 \u2013 6 Jahren ganzheitlich begleitet, bildet, f\u00f6rdert und betreut. Unsere 97 Kinder spielen, lachen und lernen in f\u00fcnf Gruppen mit je 15 &#8211; 23 Kindern. &hellip;Continue reading &rarr;","og_url":"https:\/\/regenbogenkiga.de\/kiga\/uber-uns\/","og_site_name":"Regenbogenkindergarten","article_modified_time":"2025-02-03T09:19:57+00:00","twitter_misc":{"Gesch\u00e4tzte Lesezeit":"1\u00a0Minute"},"schema":{"@context":"https:\/\/schema.org","@graph":[{"@type":"WebPage","@id":"https:\/\/regenbogenkiga.de\/kiga\/uber-uns\/","url":"https:\/\/regenbogenkiga.de\/kiga\/uber-uns\/","name":"\u00dcber uns - Regenbogenkindergarten","isPartOf":{"@id":"https:\/\/regenbogenkiga.de\/kiga\/#website"},"datePublished":"2013-07-08T10:38:31+00:00","dateModified":"2025-02-03T09:19:57+00:00","inLanguage":"de","potentialAction":[{"@type":"ReadAction","target":["https:\/\/regenbogenkiga.de\/kiga\/uber-uns\/"]}]},{"@type":"WebSite","@id":"https:\/\/regenbogenkiga.de\/kiga\/#website","url":"https:\/\/regenbogenkiga.de\/kiga\/","name":"Regenbogenkindergarten","description":"Elterninitiative Kindergarten Regenbogen e.V. -  Hamminkeln","potentialAction":[{"@type":"SearchAction","target":{"@type":"EntryPoint","urlTemplate":"https:\/\/regenbogenkiga.de\/kiga\/?s={search_term_string}"},"query-input":"required name=search_term_string"}],"inLanguage":"de"}]}},"_links":{"self":[{"href":"https:\/\/regenbogenkiga.de\/kiga\/wp-json\/wp\/v2\/pages\/6"}],"collection":[{"href":"https:\/\/regenbogenkiga.de\/kiga\/wp-json\/wp\/v2\/pages"}],"about":[{"href":"https:\/\/regenbogenkiga.de\/kiga\/wp-json\/wp\/v2\/types\/page"}],"author":[{"embeddable":true,"href":"https:\/\/regenbogenkiga.de\/kiga\/wp-json\/wp\/v2\/users\/1"}],"replies":[{"embeddable":true,"href":"https:\/\/regenbogenkiga.de\/kiga\/wp-json\/wp\/v2\/comments?post=6"}],"version-history":[{"count":28,"href":"https:\/\/regenbogenkiga.de\/kiga\/wp-json\/wp\/v2\/pages\/6\/revisions"}],"predecessor-version":[{"id":1443,"href":"https:\/\/regenbogenkiga.de\/kiga\/wp-json\/wp\/v2\/pages\/6\/revisions\/1443"}],"wp:attachment":[{"href":"https:\/\/regenbogenkiga.de\/kiga\/wp-json\/wp\/v2\/media?parent=6"}],"curies":[{"name":"wp","href":"https:\/\/api.w.org\/{rel}","templated":true}]}}

Über uns

<p>Unser Regenbogenkindergarten ist eine inklusiv arbeitende Kindertagesstätte und Bewegungskindergarten, der Kinder im Alter von 2 – 6 Jahren ganzheitlich begleitet, bildet, fördert und betreut.</p>
<p>Unsere 97 Kinder spielen, lachen und lernen in fünf Gruppen mit je 15 &#8211; 23 Kindern. In jeder Gruppe können Kinder mit besonderem Förderbedarf (Behinderung, Entwicklungsauffälligkeit) betreut werden.</p>
<p><strong>Wir sind ein Elterninitiativkindergarten.</strong></p>
<p>Wir treffen unsere Entscheidungen gemeinsam mit</p>
<ul>
<li>dem Team</li>
<li>dem Elternrat</li>
<li>dem Vorstand (7 gewählte Eltern)</li>
</ul>
<p><strong>Wir alle sind für Ihre Kinder da!</strong></p>
<table border="0">
<tbody>
<tr>
<td align="left" valign="top"><a title="Mitarbeiter" href="http://regenbogenkiga.de/kiga/team-2/mitarbeiter/">Mitarbeiter</a></td>
<td align="left" valign="top"><a title="Vorstand" href="http://regenbogenkiga.de/kiga/team-2/vorstand/">Vorstand</a></td>
<td align="left" valign="top"><a title="Elternrat" href="http://regenbogenkiga.de/kiga/elternrat/">Elternrat</a></td>
</tr>
</tbody>
</table>
<p>Damit sich die Kinder im Kindergarten wohlfühlen, unterstützen uns alle Familien bei unterschiedlichen Aktionen und anfallenden Arbeiten rund um den Kindergarten.</p>
<p>Durch gemeinsame Aktionen wie Elternabende, Stammtische, Elterncafe, Feste und Feiern lernen wir uns kennen.</p>
<p>Unsere pädagogischen und therapeutischen Schwerpunkte</p>
<table border="0">
<tbody>
<tr style="background-color: #faebd7;">
<td><a title="Integration Inklusion" href="http://regenbogenkiga.de/kiga/integration-inklusion/"><strong>Integration </strong><strong><br />
</strong></a></td>
<td><a title="Sprache" href="http://regenbogenkiga.de/kiga/sprache/"><strong>Sprachförderung</strong><strong><br />
</strong></a></td>
<td><a title="Bewegung" href="http://regenbogenkiga.de/kiga/bewegung/"><strong>Bewegung</strong><strong><br />
</strong></a></td>
<td><a title="Musik" href="http://regenbogenkiga.de/kiga/musik/"><strong>Musik</strong></a></td>
</tr>
</tbody>
</table>

<p>Unser Regenbogenkindergarten ist eine inklusiv arbeitende Kindertagesstätte und Bewegungskindergarten, der Kinder im Alter von 2 – 6 Jahren ganzheitlich begleitet, bildet, fördert und betreut. Unsere 97 Kinder spielen, lachen und lernen in fünf Gruppen mit je 15 &#8211; 23 Kindern. &hellip;<span class="more-link"><a href="https://regenbogenkiga.de/kiga/uber-uns/"><span class="button">Continue reading &rarr;</span></a></span></p>

<!-- This site is optimized with the Yoast SEO plugin v21.3 - https://yoast.com/wordpress/plugins/seo/ -->
<title>Über uns - Regenbogenkindergarten</title>
<meta name="robots" content="index, follow, max-snippet:-1, max-image-preview:large, max-video-preview:-1" />
<link rel="canonical" href="https://regenbogenkiga.de/kiga/uber-uns/" />
<meta property="og:locale" content="de_DE" />
<meta property="og:type" content="article" />
<meta property="og:title" content="Über uns - Regenbogenkindergarten" />
<meta property="og:description" content="Unser Regenbogenkindergarten ist eine inklusiv arbeitende Kindertagesstätte und Bewegungskindergarten, der Kinder im Alter von 2 – 6 Jahren ganzheitlich begleitet, bildet, fördert und betreut. Unsere 97 Kinder spielen, lachen und lernen in fünf Gruppen mit je 15 &#8211; 23 Kindern. &hellip;Continue reading &rarr;" />
<meta property="og:url" content="https://regenbogenkiga.de/kiga/uber-uns/" />
<meta property="og:site_name" content="Regenbogenkindergarten" />
<meta property="article:modified_time" content="2025-02-03T09:19:57+00:00" />
<meta name="twitter:label1" content="Geschätzte Lesezeit" />
	<meta name="twitter:data1" content="1 Minute" />
<script type="application/ld+json" class="yoast-schema-graph">{"@context":"https://schema.org","@graph":[{"@type":"WebPage","@id":"https://regenbogenkiga.de/kiga/uber-uns/","url":"https://regenbogenkiga.de/kiga/uber-uns/","name":"Über uns - Regenbogenkindergarten","isPartOf":{"@id":"https://regenbogenkiga.de/kiga/#website"},"datePublished":"2013-07-08T10:38:31+00:00","dateModified":"2025-02-03T09:19:57+00:00","inLanguage":"de","potentialAction":[{"@type":"ReadAction","target":["https://regenbogenkiga.de/kiga/uber-uns/"]}]},{"@type":"WebSite","@id":"https://regenbogenkiga.de/kiga/#website","url":"https://regenbogenkiga.de/kiga/","name":"Regenbogenkindergarten","description":"Elterninitiative Kindergarten Regenbogen e.V. -  Hamminkeln","potentialAction":[{"@type":"SearchAction","target":{"@type":"EntryPoint","urlTemplate":"https://regenbogenkiga.de/kiga/?s={search_term_string}"},"query-input":"required name=search_term_string"}],"inLanguage":"de"}]}</script>
<!-- / Yoast SEO plugin. -->

Über uns - Regenbogenkindergarten

Unser Regenbogenkindergarten ist eine inklusiv arbeitende Kindertagesstätte und Bewegungskindergarten, der Kinder im Alter von 2 – 6 Jahren ganzheitlich begleitet, bildet, fördert und betreut. Unsere 97 Kinder spielen, lachen und lernen in fünf Gruppen mit je 15 &#8211; 23 Kindern. &hellip;Continue reading &rarr;
