{"id":551,"date":"2025-09-01T08:00:30","date_gmt":"2025-09-01T06:00:30","guid":{"rendered":"http:\/\/regenbogenkiga.de\/kiga\/?page_id=551"},"modified":"2025-09-08T09:08:21","modified_gmt":"2025-09-08T07:08:21","slug":"mitarbeiter","status":"publish","type":"page","link":"https:\/\/regenbogenkiga.de\/kiga\/uber-uns\/mitarbeiter\/","title":{"rendered":"Mitarbeiter"},"content":{"rendered":"<p><strong>Wir alle sind f\u00fcr Ihre Kinder da!<\/strong><\/p>\n<p>Bei uns arbeiten viele unterschiedliche Menschen.\u00a0Junge Erzieherinnen, die noch in der Ausbildung sind ebenso, wie berufs- und lebenserfahrene Erzieherinnen, die Sie als Familie begleiten.<\/p>\n<p>Unser Team\u00a0setzt sich aus\u00a0Mitarbeitern mit unterschiedlichen p\u00e4dagogischen und therapeutischen Ausbildungen (Heilp\u00e4dagogik. Motop\u00e4die), fachlichen Kenntnissen und Schwerpunkten zusammen.<br \/>\nDurch diese fachliche Vielfalt k\u00f6nnen wir Eltern in Erziehungs- und Entwicklungsfragen gut unterst\u00fctzen und Ihnen beratend zur Seite stehen. Durch Fortbildungen haben sich einige Mitarbeiter weiterqualifiziert zur Fachkraft U3,\u00a0Fachkraft f\u00fcr Hochbegabung oder Fachkraft Elternberatung.<\/p>\n<p>\u200b<\/p>\n<p>\u200b<\/p>\n<table style=\"background-color: #f7f5f5; height: 3713px;\" border=\"0\" width=\"661\">\n<tbody>\n<tr style=\"background-color: #fffacd;\">\n<td style=\"width: 150px;\"><strong>Inga Weber<\/strong><\/td>\n<td>Leitung, Erzieherin, Motop\u00e4din und Fachwirtin f\u00fcr Kitamanagement<\/td>\n<td style=\"padding: 10px;\"><a href=\"http:\/\/regenbogenkiga.de\/kiga\/wp-content\/uploads\/2013\/10\/Inga-Weber.jpeg\"><img decoding=\"async\" class=\"wp-image-1110\" src=\"http:\/\/regenbogenkiga.de\/kiga\/wp-content\/uploads\/2013\/10\/Inga-Weber.jpeg\" alt=\"Inga Weber\" width=\"120\" srcset=\"https:\/\/regenbogenkiga.de\/kiga\/wp-content\/uploads\/2013\/10\/Inga-Weber.jpeg 240w, https:\/\/regenbogenkiga.de\/kiga\/wp-content\/uploads\/2013\/10\/Inga-Weber-225x300.jpeg 225w\" sizes=\"(max-width: 240px) 100vw, 240px\" \/><\/a><\/td>\n<\/tr>\n<tr style=\"background-color: #fffacd;\">\n<td style=\"width: 150px;\"><strong>Heike Wagener<\/strong><\/td>\n<td>stellv. Leitung, Erzieherin, Heilp\u00e4dagogin und U3 &#8211; Fachkraft<\/td>\n<td style=\"padding: 10px;\"><a href=\"\/kiga\/wp-content\/uploads\/2023\/10\/heike_wagener.jpg\"><img decoding=\"async\" src=\"\/kiga\/wp-content\/uploads\/2023\/10\/heike_wagener.jpg\" alt=\"Heike Wagener, Heilp\u00e4dagogin, Integrationshilfe Igelgruppe\" width=\"120\" \/><\/a><\/td>\n<\/tr>\n<tr style=\"background-color: #fffacd;\">\n<td style=\"width: 150px;\"><strong>Alina Wagener<\/strong><\/td>\n<td>Erzieherin und Sprachentwicklungsfachkraft<\/td>\n<td style=\"padding: 10px;\"><a href=\"https:\/\/regenbogenkiga.de\/kiga\/wp-content\/uploads\/2025\/09\/PHOTO-2025-09-01-18-17-07.jpg\"><img decoding=\"async\" loading=\"lazy\" class=\"alignnone wp-image-1469\" src=\"https:\/\/regenbogenkiga.de\/kiga\/wp-content\/uploads\/2025\/09\/PHOTO-2025-09-01-18-17-07.jpg\" alt=\"\" width=\"114\" height=\"159\" srcset=\"https:\/\/regenbogenkiga.de\/kiga\/wp-content\/uploads\/2025\/09\/PHOTO-2025-09-01-18-17-07.jpg 1468w, https:\/\/regenbogenkiga.de\/kiga\/wp-content\/uploads\/2025\/09\/PHOTO-2025-09-01-18-17-07-215x300.jpg 215w, https:\/\/regenbogenkiga.de\/kiga\/wp-content\/uploads\/2025\/09\/PHOTO-2025-09-01-18-17-07-734x1024.jpg 734w, https:\/\/regenbogenkiga.de\/kiga\/wp-content\/uploads\/2025\/09\/PHOTO-2025-09-01-18-17-07-768x1071.jpg 768w, https:\/\/regenbogenkiga.de\/kiga\/wp-content\/uploads\/2025\/09\/PHOTO-2025-09-01-18-17-07-1101x1536.jpg 1101w\" sizes=\"(max-width: 114px) 100vw, 114px\" \/><\/a><\/td>\n<\/tr>\n<tr style=\"background-color: #fffacd;\">\n<td style=\"width: 150px;\"><strong>Yvonne Burghammer<\/strong><\/td>\n<td>Erzieherin und U3 Fachkraft<\/td>\n<td style=\"padding: 10px;\"><a href=\"https:\/\/regenbogenkiga.de\/kiga\/wp-content\/uploads\/2025\/09\/e96b42ac-effd-433b-b13f-d67812da6865.jpg\"><img decoding=\"async\" loading=\"lazy\" class=\"alignnone wp-image-1479\" src=\"https:\/\/regenbogenkiga.de\/kiga\/wp-content\/uploads\/2025\/09\/e96b42ac-effd-433b-b13f-d67812da6865.jpg\" alt=\"\" width=\"117\" height=\"174\" srcset=\"https:\/\/regenbogenkiga.de\/kiga\/wp-content\/uploads\/2025\/09\/e96b42ac-effd-433b-b13f-d67812da6865.jpg 1075w, https:\/\/regenbogenkiga.de\/kiga\/wp-content\/uploads\/2025\/09\/e96b42ac-effd-433b-b13f-d67812da6865-202x300.jpg 202w, https:\/\/regenbogenkiga.de\/kiga\/wp-content\/uploads\/2025\/09\/e96b42ac-effd-433b-b13f-d67812da6865-688x1024.jpg 688w, https:\/\/regenbogenkiga.de\/kiga\/wp-content\/uploads\/2025\/09\/e96b42ac-effd-433b-b13f-d67812da6865-768x1142.jpg 768w, https:\/\/regenbogenkiga.de\/kiga\/wp-content\/uploads\/2025\/09\/e96b42ac-effd-433b-b13f-d67812da6865-1033x1536.jpg 1033w\" sizes=\"(max-width: 117px) 100vw, 117px\" \/><\/a><\/td>\n<\/tr>\n<tr style=\"background-color: #fffacd;\">\n<td style=\"width: 150px;\"><strong>Beatrice Reddmann<\/strong><\/td>\n<td>Erzieherin und U3 Fachkraft<\/td>\n<td style=\"padding: 10px;\"><a href=\"\/kiga\/wp-content\/uploads\/2021\/01\/bea_reddmann.jpeg\"><img decoding=\"async\" class=\"wp-image-1317\" src=\"\/kiga\/wp-content\/uploads\/2021\/01\/bea_reddmann.jpeg\" alt=\"Beatrice Reddmann\" width=\"120\" \/><\/a><\/td>\n<\/tr>\n<tr style=\"background-color: #fffacd;\">\n<td style=\"width: 150px;\"><strong>Melanie Seelwiesche<\/strong><\/td>\n<td>Erzieherin mit Zusatzausbildung zur Montessorip\u00e4dagogin und Fachkraft f\u00fcr Inklusion<\/td>\n<td style=\"padding: 10px;\"><a href=\"\/kiga\/wp-content\/uploads\/2020\/08\/melanie_seelwiesche.jpg\"><img decoding=\"async\" class=\"wp-image-1110\" src=\"\/kiga\/wp-content\/uploads\/2020\/08\/melanie_seelwiesche.jpg\" alt=\"Melanie Seelwiesche\" width=\"120\" \/><\/a><\/td>\n<\/tr>\n<tr style=\"background-color: #fffacd;\">\n<td style=\"width: 150px;\"><strong>Leonie Kramer\u00a0<\/strong><\/td>\n<td>Praktikantin in der Ausbildung zur Erzieherin (PiA)<\/p>\n<p>&nbsp;<\/td>\n<td style=\"padding: 10px;\"><a href=\"https:\/\/regenbogenkiga.de\/kiga\/wp-content\/uploads\/2025\/09\/PHOTO-2025-09-02-12-38-29.jpg\"><img decoding=\"async\" loading=\"lazy\" class=\"alignnone wp-image-1476\" src=\"https:\/\/regenbogenkiga.de\/kiga\/wp-content\/uploads\/2025\/09\/PHOTO-2025-09-02-12-38-29.jpg\" alt=\"\" width=\"127\" height=\"131\" srcset=\"https:\/\/regenbogenkiga.de\/kiga\/wp-content\/uploads\/2025\/09\/PHOTO-2025-09-02-12-38-29.jpg 1993w, https:\/\/regenbogenkiga.de\/kiga\/wp-content\/uploads\/2025\/09\/PHOTO-2025-09-02-12-38-29-292x300.jpg 292w, https:\/\/regenbogenkiga.de\/kiga\/wp-content\/uploads\/2025\/09\/PHOTO-2025-09-02-12-38-29-997x1024.jpg 997w, https:\/\/regenbogenkiga.de\/kiga\/wp-content\/uploads\/2025\/09\/PHOTO-2025-09-02-12-38-29-768x789.jpg 768w, https:\/\/regenbogenkiga.de\/kiga\/wp-content\/uploads\/2025\/09\/PHOTO-2025-09-02-12-38-29-1495x1536.jpg 1495w\" sizes=\"(max-width: 127px) 100vw, 127px\" \/><\/a><\/td>\n<\/tr>\n<tr style=\"background-color: #fffacd;\">\n<td style=\"width: 150px;\"><strong>Isabel Ferreira de Jesus<\/strong><\/td>\n<td>Praktikantin in der Ausbildung zur Erzieherin (PiA)<\/p>\n<p>&nbsp;<\/td>\n<td style=\"padding: 10px;\"><a href=\"https:\/\/regenbogenkiga.de\/kiga\/wp-content\/uploads\/2025\/09\/2ae52660-9f6b-43df-8205-6a036e2096c4.jpg\"><img decoding=\"async\" loading=\"lazy\" class=\"alignnone wp-image-1481\" src=\"https:\/\/regenbogenkiga.de\/kiga\/wp-content\/uploads\/2025\/09\/2ae52660-9f6b-43df-8205-6a036e2096c4.jpg\" alt=\"\" width=\"120\" height=\"188\" srcset=\"https:\/\/regenbogenkiga.de\/kiga\/wp-content\/uploads\/2025\/09\/2ae52660-9f6b-43df-8205-6a036e2096c4.jpg 939w, https:\/\/regenbogenkiga.de\/kiga\/wp-content\/uploads\/2025\/09\/2ae52660-9f6b-43df-8205-6a036e2096c4-192x300.jpg 192w, https:\/\/regenbogenkiga.de\/kiga\/wp-content\/uploads\/2025\/09\/2ae52660-9f6b-43df-8205-6a036e2096c4-655x1024.jpg 655w, https:\/\/regenbogenkiga.de\/kiga\/wp-content\/uploads\/2025\/09\/2ae52660-9f6b-43df-8205-6a036e2096c4-768x1201.jpg 768w\" sizes=\"(max-width: 120px) 100vw, 120px\" \/><\/a><\/td>\n<\/tr>\n<tr style=\"background-color: #fffacd;\">\n<td style=\"width: 150px;\"><strong>Nicole Kramer<\/strong><\/td>\n<td>Erzieherin, Fachkraft f\u00fcr Inklusion, psychologische Beratung<\/td>\n<td style=\"padding: 10px;\"><a href=\"https:\/\/regenbogenkiga.de\/kiga\/wp-content\/uploads\/2025\/09\/IMG_4177.jpg\"><img decoding=\"async\" loading=\"lazy\" class=\"alignnone wp-image-1485\" src=\"https:\/\/regenbogenkiga.de\/kiga\/wp-content\/uploads\/2025\/09\/IMG_4177.jpg\" alt=\"\" width=\"114\" height=\"165\" srcset=\"https:\/\/regenbogenkiga.de\/kiga\/wp-content\/uploads\/2025\/09\/IMG_4177.jpg 828w, https:\/\/regenbogenkiga.de\/kiga\/wp-content\/uploads\/2025\/09\/IMG_4177-207x300.jpg 207w, https:\/\/regenbogenkiga.de\/kiga\/wp-content\/uploads\/2025\/09\/IMG_4177-706x1024.jpg 706w, https:\/\/regenbogenkiga.de\/kiga\/wp-content\/uploads\/2025\/09\/IMG_4177-768x1114.jpg 768w\" sizes=\"(max-width: 114px) 100vw, 114px\" \/><\/a><\/td>\n<\/tr>\n<tr style=\"background-color: #fffacd;\">\n<td style=\"width: 150px;\"><strong>Dennis Reddmann<\/strong><\/td>\n<td>Erzieher<\/td>\n<td style=\"padding: 10px;\"><a href=\"\/kiga\/wp-content\/uploads\/2020\/08\/dennis_reddmann.jpg\"><img decoding=\"async\" class=\"wp-image-1306\" src=\"\/kiga\/wp-content\/uploads\/2020\/08\/dennis_reddmann.jpg\" alt=\"Dennis Reddmann\" width=\"120\" \/><\/a><\/td>\n<\/tr>\n<tr style=\"background-color: #fffacd;\">\n<td style=\"width: 150px;\"><strong>Delia Schl\u00fcter<\/strong><\/td>\n<td>Erzieherin, Heilp\u00e4dagogin<\/p>\n<p>&nbsp;<\/td>\n<td style=\"padding: 10px;\"><a href=\"https:\/\/regenbogenkiga.de\/kiga\/wp-content\/uploads\/2025\/09\/5d013329-31a2-407a-baad-a19e04975d54.jpg\"><img decoding=\"async\" loading=\"lazy\" class=\"alignnone  wp-image-1487\" src=\"https:\/\/regenbogenkiga.de\/kiga\/wp-content\/uploads\/2025\/09\/5d013329-31a2-407a-baad-a19e04975d54.jpg\" alt=\"\" width=\"100\" height=\"147\" srcset=\"https:\/\/regenbogenkiga.de\/kiga\/wp-content\/uploads\/2025\/09\/5d013329-31a2-407a-baad-a19e04975d54.jpg 1089w, https:\/\/regenbogenkiga.de\/kiga\/wp-content\/uploads\/2025\/09\/5d013329-31a2-407a-baad-a19e04975d54-204x300.jpg 204w, https:\/\/regenbogenkiga.de\/kiga\/wp-content\/uploads\/2025\/09\/5d013329-31a2-407a-baad-a19e04975d54-697x1024.jpg 697w, https:\/\/regenbogenkiga.de\/kiga\/wp-content\/uploads\/2025\/09\/5d013329-31a2-407a-baad-a19e04975d54-768x1128.jpg 768w, https:\/\/regenbogenkiga.de\/kiga\/wp-content\/uploads\/2025\/09\/5d013329-31a2-407a-baad-a19e04975d54-1045x1536.jpg 1045w\" sizes=\"(max-width: 100px) 100vw, 100px\" \/><\/a><\/td>\n<\/tr>\n<tr style=\"background-color: #fffacd;\">\n<td style=\"width: 150px;\"><strong>Antje Friedrichs<\/strong><\/td>\n<td>Integrationsfachkraft, Erzieherin<\/td>\n<td style=\"padding: 10px;\"><a href=\"\/kiga\/wp-content\/uploads\/2020\/08\/antje_friedrichs.jpg\"><img decoding=\"async\" class=\"wp-image-1113\" src=\"\/kiga\/wp-content\/uploads\/2020\/08\/antje_friedrichs.jpg\" alt=\"Antje Friedrichs\" width=\"120\" \/><\/a><\/td>\n<\/tr>\n<tr style=\"background-color: #fffacd;\">\n<td style=\"width: 150px;\"><strong>Svenja Kurzweg<\/strong><\/td>\n<td>Fachkraft f\u00fcr Kindertagespflege, Erg\u00e4nzungskraft<\/td>\n<td style=\"padding: 10px;\"><a href=\"https:\/\/regenbogenkiga.de\/kiga\/wp-content\/uploads\/2025\/09\/PHOTO-2025-09-02-14-28-39.jpg\"><img decoding=\"async\" loading=\"lazy\" class=\"alignnone wp-image-1484\" src=\"https:\/\/regenbogenkiga.de\/kiga\/wp-content\/uploads\/2025\/09\/PHOTO-2025-09-02-14-28-39.jpg\" alt=\"\" width=\"119\" height=\"152\" srcset=\"https:\/\/regenbogenkiga.de\/kiga\/wp-content\/uploads\/2025\/09\/PHOTO-2025-09-02-14-28-39.jpg 1540w, https:\/\/regenbogenkiga.de\/kiga\/wp-content\/uploads\/2025\/09\/PHOTO-2025-09-02-14-28-39-235x300.jpg 235w, https:\/\/regenbogenkiga.de\/kiga\/wp-content\/uploads\/2025\/09\/PHOTO-2025-09-02-14-28-39-802x1024.jpg 802w, https:\/\/regenbogenkiga.de\/kiga\/wp-content\/uploads\/2025\/09\/PHOTO-2025-09-02-14-28-39-768x980.jpg 768w, https:\/\/regenbogenkiga.de\/kiga\/wp-content\/uploads\/2025\/09\/PHOTO-2025-09-02-14-28-39-1203x1536.jpg 1203w\" sizes=\"(max-width: 119px) 100vw, 119px\" \/><\/a><\/td>\n<\/tr>\n<tr style=\"background-color: #fffacd;\">\n<td style=\"width: 150px;\"><strong>Chrisvie Matondo<\/strong><\/td>\n<td>Erzieherin und insoweit erfahrene Fachkraft gem\u00e4\u00df \u00a7 8a\/\u00a7 8b SGB VIII und \u00a7 4 KKG<\/td>\n<td style=\"padding: 10px;\"><a href=\"\/kiga\/wp-content\/uploads\/2020\/08\/chrisvie_matondo.jpg\"><img decoding=\"async\" class=\"wp-image-1113\" src=\"\/kiga\/wp-content\/uploads\/2020\/08\/chrisvie_matondo.jpg\" alt=\"Chrisvie Matondo\" width=\"120\" \/><\/a><\/td>\n<\/tr>\n<tr style=\"background-color: #fffacd;\">\n<td style=\"width: 150px;\"><strong>Mady Spaltmann<\/strong><\/td>\n<td>Erzieherin<\/td>\n<td style=\"padding: 10px;\"><a href=\"\/kiga\/wp-content\/uploads\/2023\/10\/mady_spaltmann.jpg\"><img decoding=\"async\" class=\"wp-image-1113\" src=\"\/kiga\/wp-content\/uploads\/2023\/10\/mady_spaltmann.jpg\" alt=\"Chrisvie Matondo\" width=\"120\" \/><\/a><\/td>\n<\/tr>\n<tr style=\"background-color: #fffacd;\">\n<td style=\"width: 150px;\"><strong>Sara Ter\u00f6rde<\/strong><\/td>\n<td>Erzieherin<\/td>\n<td style=\"padding: 10px;\"><a href=\"\/kiga\/wp-content\/uploads\/2023\/10\/sara_teroerde.jpg\"><img decoding=\"async\" loading=\"lazy\" class=\"wp-image-1113\" src=\"\/kiga\/wp-content\/uploads\/2023\/10\/sara_teroerde.jpg\" alt=\"Sara Ter\u00f6rde\" width=\"113\" height=\"170\" \/><\/a><\/td>\n<\/tr>\n<tr style=\"background-color: #fffacd;\">\n<td style=\"width: 150px;\"><strong>Pia Schulte-Drevenack<\/strong><\/td>\n<td>Integrationskraft, Ergotherapeutin<\/td>\n<td style=\"padding: 10px;\"><a href=\"\/kiga\/wp-content\/uploads\/2023\/10\/pia_schulte-drevenack.jpg\"><img decoding=\"async\" class=\"wp-image-1113\" src=\"\/kiga\/wp-content\/uploads\/2023\/10\/pia_schulte-drevenack.jpg\" alt=\"Pia Schulte-Drevenack\" width=\"120\" \/><\/a><\/td>\n<\/tr>\n<tr style=\"background-color: #fffacd;\">\n<td style=\"width: 150px;\"><strong>Marina Wahn<\/strong><\/td>\n<td>Erzieherin und Fachkraft f\u00fcr Inklusion<\/td>\n<td style=\"padding: 10px;\"><a href=\"\/kiga\/wp-content\/uploads\/2023\/10\/marina_wahn.jpg\"><img decoding=\"async\" loading=\"lazy\" class=\"wp-image-1113\" src=\"\/kiga\/wp-content\/uploads\/2023\/10\/marina_wahn.jpg\" alt=\"Marina Wahn\" width=\"120\" height=\"120\" \/><\/a><\/td>\n<\/tr>\n<tr style=\"background-color: #fffacd;\">\n<td style=\"width: 150px;\"><strong>Astrid Enk<\/strong><\/td>\n<td>Erzieherin<\/td>\n<td style=\"padding: 10px;\"><a href=\"\/kiga\/wp-content\/uploads\/2023\/10\/astrid_enk.jpg\"><img decoding=\"async\" loading=\"lazy\" class=\"wp-image-1113\" src=\"\/kiga\/wp-content\/uploads\/2023\/10\/astrid_enk.jpg\" alt=\"strid Enk\" width=\"110\" height=\"192\" \/><\/a><\/td>\n<\/tr>\n<tr style=\"background-color: #fffacd;\">\n<td style=\"width: 150px;\"><strong>Chantal Siemen<\/strong><\/td>\n<td>Erzieherin<\/td>\n<td style=\"padding: 10px;\"><a href=\"https:\/\/regenbogenkiga.de\/kiga\/wp-content\/uploads\/2025\/09\/PHOTO-2025-09-01-19-56-50.jpg\"><img decoding=\"async\" loading=\"lazy\" class=\"alignnone wp-image-1468\" src=\"https:\/\/regenbogenkiga.de\/kiga\/wp-content\/uploads\/2025\/09\/PHOTO-2025-09-01-19-56-50.jpg\" alt=\"\" width=\"111\" height=\"151\" srcset=\"https:\/\/regenbogenkiga.de\/kiga\/wp-content\/uploads\/2025\/09\/PHOTO-2025-09-01-19-56-50.jpg 1507w, https:\/\/regenbogenkiga.de\/kiga\/wp-content\/uploads\/2025\/09\/PHOTO-2025-09-01-19-56-50-221x300.jpg 221w, https:\/\/regenbogenkiga.de\/kiga\/wp-content\/uploads\/2025\/09\/PHOTO-2025-09-01-19-56-50-754x1024.jpg 754w, https:\/\/regenbogenkiga.de\/kiga\/wp-content\/uploads\/2025\/09\/PHOTO-2025-09-01-19-56-50-768x1044.jpg 768w, https:\/\/regenbogenkiga.de\/kiga\/wp-content\/uploads\/2025\/09\/PHOTO-2025-09-01-19-56-50-1130x1536.jpg 1130w\" sizes=\"(max-width: 111px) 100vw, 111px\" \/><\/a><\/td>\n<\/tr>\n<\/tbody>\n<\/table>\n<p>&nbsp;<\/p>\n","protected":false},"excerpt":{"rendered":"<p>Wir alle sind f\u00fcr Ihre Kinder da! Bei uns arbeiten viele unterschiedliche Menschen.\u00a0Junge Erzieherinnen, die noch in der Ausbildung sind ebenso, wie berufs- und lebenserfahrene Erzieherinnen, die Sie als Familie begleiten. Unser Team\u00a0setzt sich aus\u00a0Mitarbeitern mit unterschiedlichen p\u00e4dagogischen und therapeutischen &hellip;<span class=\"more-link\"><a href=\"https:\/\/regenbogenkiga.de\/kiga\/uber-uns\/mitarbeiter\/\"><span class=\"button\">Continue reading &rarr;<\/span><\/a><\/span><\/p>\n","protected":false},"author":1,"featured_media":0,"parent":6,"menu_order":0,"comment_status":"closed","ping_status":"closed","template":"","meta":{"ngg_post_thumbnail":0,"footnotes":""},"yoast_head":"<!-- This site is optimized with the Yoast SEO plugin v21.3 - https:\/\/yoast.com\/wordpress\/plugins\/seo\/ -->\n<title>Mitarbeiter - Regenbogenkindergarten<\/title>\n<meta name=\"robots\" content=\"index, follow, max-snippet:-1, max-image-preview:large, max-video-preview:-1\" \/>\n<link rel=\"canonical\" href=\"https:\/\/regenbogenkiga.de\/kiga\/uber-uns\/mitarbeiter\/\" \/>\n<meta property=\"og:locale\" content=\"de_DE\" \/>\n<meta property=\"og:type\" content=\"article\" \/>\n<meta property=\"og:title\" content=\"Mitarbeiter - Regenbogenkindergarten\" \/>\n<meta property=\"og:description\" content=\"Wir alle sind f\u00fcr Ihre Kinder da! Bei uns arbeiten viele unterschiedliche Menschen.\u00a0Junge Erzieherinnen, die noch in der Ausbildung sind ebenso, wie berufs- und lebenserfahrene Erzieherinnen, die Sie als Familie begleiten. Unser Team\u00a0setzt sich aus\u00a0Mitarbeitern mit unterschiedlichen p\u00e4dagogischen und therapeutischen &hellip;Continue reading &rarr;\" \/>\n<meta property=\"og:url\" content=\"https:\/\/regenbogenkiga.de\/kiga\/uber-uns\/mitarbeiter\/\" \/>\n<meta property=\"og:site_name\" content=\"Regenbogenkindergarten\" \/>\n<meta property=\"article:modified_time\" content=\"2025-09-08T07:08:21+00:00\" \/>\n<meta property=\"og:image\" content=\"http:\/\/regenbogenkiga.de\/kiga\/wp-content\/uploads\/2013\/10\/Inga-Weber.jpeg\" \/>\n<meta name=\"twitter:label1\" content=\"Gesch\u00e4tzte Lesezeit\" \/>\n\t<meta name=\"twitter:data1\" content=\"6\u00a0Minuten\" \/>\n<script type=\"application\/ld+json\" class=\"yoast-schema-graph\">{\"@context\":\"https:\/\/schema.org\",\"@graph\":[{\"@type\":\"WebPage\",\"@id\":\"https:\/\/regenbogenkiga.de\/kiga\/uber-uns\/mitarbeiter\/\",\"url\":\"https:\/\/regenbogenkiga.de\/kiga\/uber-uns\/mitarbeiter\/\",\"name\":\"Mitarbeiter - Regenbogenkindergarten\",\"isPartOf\":{\"@id\":\"https:\/\/regenbogenkiga.de\/kiga\/#website\"},\"datePublished\":\"2025-09-01T06:00:30+00:00\",\"dateModified\":\"2025-09-08T07:08:21+00:00\",\"breadcrumb\":{\"@id\":\"https:\/\/regenbogenkiga.de\/kiga\/uber-uns\/mitarbeiter\/#breadcrumb\"},\"inLanguage\":\"de\",\"potentialAction\":[{\"@type\":\"ReadAction\",\"target\":[\"https:\/\/regenbogenkiga.de\/kiga\/uber-uns\/mitarbeiter\/\"]}]},{\"@type\":\"BreadcrumbList\",\"@id\":\"https:\/\/regenbogenkiga.de\/kiga\/uber-uns\/mitarbeiter\/#breadcrumb\",\"itemListElement\":[{\"@type\":\"ListItem\",\"position\":1,\"name\":\"\u00dcber uns\",\"item\":\"https:\/\/regenbogenkiga.de\/kiga\/uber-uns\/\"},{\"@type\":\"ListItem\",\"position\":2,\"name\":\"Mitarbeiter\"}]},{\"@type\":\"WebSite\",\"@id\":\"https:\/\/regenbogenkiga.de\/kiga\/#website\",\"url\":\"https:\/\/regenbogenkiga.de\/kiga\/\",\"name\":\"Regenbogenkindergarten\",\"description\":\"Elterninitiative Kindergarten Regenbogen e.V. -  Hamminkeln\",\"potentialAction\":[{\"@type\":\"SearchAction\",\"target\":{\"@type\":\"EntryPoint\",\"urlTemplate\":\"https:\/\/regenbogenkiga.de\/kiga\/?s={search_term_string}\"},\"query-input\":\"required name=search_term_string\"}],\"inLanguage\":\"de\"}]}<\/script>\n<!-- \/ Yoast SEO plugin. -->","yoast_head_json":{"title":"Mitarbeiter - Regenbogenkindergarten","robots":{"index":"index","follow":"follow","max-snippet":"max-snippet:-1","max-image-preview":"max-image-preview:large","max-video-preview":"max-video-preview:-1"},"canonical":"https:\/\/regenbogenkiga.de\/kiga\/uber-uns\/mitarbeiter\/","og_locale":"de_DE","og_type":"article","og_title":"Mitarbeiter - Regenbogenkindergarten","og_description":"Wir alle sind f\u00fcr Ihre Kinder da! Bei uns arbeiten viele unterschiedliche Menschen.\u00a0Junge Erzieherinnen, die noch in der Ausbildung sind ebenso, wie berufs- und lebenserfahrene Erzieherinnen, die Sie als Familie begleiten. Unser Team\u00a0setzt sich aus\u00a0Mitarbeitern mit unterschiedlichen p\u00e4dagogischen und therapeutischen &hellip;Continue reading &rarr;","og_url":"https:\/\/regenbogenkiga.de\/kiga\/uber-uns\/mitarbeiter\/","og_site_name":"Regenbogenkindergarten","article_modified_time":"2025-09-08T07:08:21+00:00","og_image":[{"url":"http:\/\/regenbogenkiga.de\/kiga\/wp-content\/uploads\/2013\/10\/Inga-Weber.jpeg"}],"twitter_misc":{"Gesch\u00e4tzte Lesezeit":"6\u00a0Minuten"},"schema":{"@context":"https:\/\/schema.org","@graph":[{"@type":"WebPage","@id":"https:\/\/regenbogenkiga.de\/kiga\/uber-uns\/mitarbeiter\/","url":"https:\/\/regenbogenkiga.de\/kiga\/uber-uns\/mitarbeiter\/","name":"Mitarbeiter - Regenbogenkindergarten","isPartOf":{"@id":"https:\/\/regenbogenkiga.de\/kiga\/#website"},"datePublished":"2025-09-01T06:00:30+00:00","dateModified":"2025-09-08T07:08:21+00:00","breadcrumb":{"@id":"https:\/\/regenbogenkiga.de\/kiga\/uber-uns\/mitarbeiter\/#breadcrumb"},"inLanguage":"de","potentialAction":[{"@type":"ReadAction","target":["https:\/\/regenbogenkiga.de\/kiga\/uber-uns\/mitarbeiter\/"]}]},{"@type":"BreadcrumbList","@id":"https:\/\/regenbogenkiga.de\/kiga\/uber-uns\/mitarbeiter\/#breadcrumb","itemListElement":[{"@type":"ListItem","position":1,"name":"\u00dcber uns","item":"https:\/\/regenbogenkiga.de\/kiga\/uber-uns\/"},{"@type":"ListItem","position":2,"name":"Mitarbeiter"}]},{"@type":"WebSite","@id":"https:\/\/regenbogenkiga.de\/kiga\/#website","url":"https:\/\/regenbogenkiga.de\/kiga\/","name":"Regenbogenkindergarten","description":"Elterninitiative Kindergarten Regenbogen e.V. -  Hamminkeln","potentialAction":[{"@type":"SearchAction","target":{"@type":"EntryPoint","urlTemplate":"https:\/\/regenbogenkiga.de\/kiga\/?s={search_term_string}"},"query-input":"required name=search_term_string"}],"inLanguage":"de"}]}},"_links":{"self":[{"href":"https:\/\/regenbogenkiga.de\/kiga\/wp-json\/wp\/v2\/pages\/551"}],"collection":[{"href":"https:\/\/regenbogenkiga.de\/kiga\/wp-json\/wp\/v2\/pages"}],"about":[{"href":"https:\/\/regenbogenkiga.de\/kiga\/wp-json\/wp\/v2\/types\/page"}],"author":[{"embeddable":true,"href":"https:\/\/regenbogenkiga.de\/kiga\/wp-json\/wp\/v2\/users\/1"}],"replies":[{"embeddable":true,"href":"https:\/\/regenbogenkiga.de\/kiga\/wp-json\/wp\/v2\/comments?post=551"}],"version-history":[{"count":157,"href":"https:\/\/regenbogenkiga.de\/kiga\/wp-json\/wp\/v2\/pages\/551\/revisions"}],"predecessor-version":[{"id":1488,"href":"https:\/\/regenbogenkiga.de\/kiga\/wp-json\/wp\/v2\/pages\/551\/revisions\/1488"}],"up":[{"embeddable":true,"href":"https:\/\/regenbogenkiga.de\/kiga\/wp-json\/wp\/v2\/pages\/6"}],"wp:attachment":[{"href":"https:\/\/regenbogenkiga.de\/kiga\/wp-json\/wp\/v2\/media?parent=551"}],"curies":[{"name":"wp","href":"https:\/\/api.w.org\/{rel}","templated":true}]}}