{"id":517,"date":"2013-10-18T11:46:22","date_gmt":"2013-10-18T09:46:22","guid":{"rendered":"http:\/\/regenbogenkiga.de\/kiga\/?page_id=517"},"modified":"2025-10-16T09:30:19","modified_gmt":"2025-10-16T07:30:19","slug":"vorstand","status":"publish","type":"page","link":"https:\/\/regenbogenkiga.de\/kiga\/uber-uns\/vorstand\/","title":{"rendered":"Vorstand"},"content":{"rendered":"<p>Unser Verein ist Mitglied im Deutschen Parit\u00e4tischen Wohlfahrtsverband (DPWV).<\/p>\n<p>Nach au\u00dfen wird der Verein vertreten durch einen aus sieben Personen bestehenden Vorstand.\u00a0In einem j\u00e4hrlichen Turnus werden immer drei Vorstandsmitglieder neu gew\u00e4hlt.<\/p>\n<p>Zur Wahl stehen jeweils:<\/p>\n<ol style=\"list-style-type: lower-alpha;\">\n<li>1.Vorsitzender<\/li>\n<li>2. Vorsitzender<\/li>\n<\/ol>\n<ul>\n<li>+ zwei Beisitzer<\/li>\n<li>+ zwei Beisitzer<\/li>\n<\/ul>\n<p>Mindestens vier Vorstandsmitglieder m\u00fcssen Elternteil eines Kindergartenkindes der Einrichtung sein.\u00a0Der Gesch\u00e4ftsf\u00fchrer wird vom Vorstand gew\u00e4hlt.\u00a0Der Elternverein ist als Tr\u00e4ger der Einrichtung auch der Arbeitgeber des dort besch\u00e4ftigten Personals.\u00a0Alle diesbez\u00fcglichen Entscheidungen trifft der Vorstand nach Absprache mit der Leiterin bzw. Team.\u00a0Die Aufnahme eines Kindes in die Kindertagesst\u00e4tte macht f\u00fcr Eltern den Vereinsbeitritt erforderlich.<\/p>\n<p>Der Vorstand trifft sich einmal im Monat zur Vorstandssitzung. Dort werden alle f\u00fcr den Kindergarten wichtigen Entscheidungen er\u00f6rtert und getroffen.<\/p>\n<p>&nbsp;<\/p>\n<p><strong><u>Aktuelle Vorstandsmitglieder:<\/u><\/strong><\/p>\n<p>&nbsp;<\/p>\n<ul>\n<li>Michael Amerkamp, Gesch\u00e4ftsf\u00fchrer<\/li>\n<li>Julia Tyrtania, 1. Vorsitzende<\/li>\n<li>Andreas Hebing, 2. Vorsitzender<\/li>\n<li>Marvin Th\u00f6lke, Beisitzer<\/li>\n<li>Claudia Hurtienne, Beisitzerin<\/li>\n<li>Wiebke Kipp, Beisitzerin<\/li>\n<li>Christian Kathemann, Beisitzer<\/li>\n<\/ul>\n<p>&nbsp;<\/p>\n","protected":false},"excerpt":{"rendered":"<p>Unser Verein ist Mitglied im Deutschen Parit\u00e4tischen Wohlfahrtsverband (DPWV). Nach au\u00dfen wird der Verein vertreten durch einen aus sieben Personen bestehenden Vorstand.\u00a0In einem j\u00e4hrlichen Turnus werden immer drei Vorstandsmitglieder neu gew\u00e4hlt. Zur Wahl stehen jeweils: 1.Vorsitzender 2. Vorsitzender + zwei &hellip;<span class=\"more-link\"><a href=\"https:\/\/regenbogenkiga.de\/kiga\/uber-uns\/vorstand\/\"><span class=\"button\">Continue reading &rarr;<\/span><\/a><\/span><\/p>\n","protected":false},"author":1,"featured_media":0,"parent":6,"menu_order":0,"comment_status":"closed","ping_status":"closed","template":"","meta":{"ngg_post_thumbnail":0,"footnotes":""},"yoast_head":"<!-- This site is optimized with the Yoast SEO plugin v21.3 - https:\/\/yoast.com\/wordpress\/plugins\/seo\/ -->\n<title>Vorstand - Regenbogenkindergarten<\/title>\n<meta name=\"robots\" content=\"index, follow, max-snippet:-1, max-image-preview:large, max-video-preview:-1\" \/>\n<link rel=\"canonical\" href=\"https:\/\/regenbogenkiga.de\/kiga\/uber-uns\/vorstand\/\" \/>\n<meta property=\"og:locale\" content=\"de_DE\" \/>\n<meta property=\"og:type\" content=\"article\" \/>\n<meta property=\"og:title\" content=\"Vorstand - Regenbogenkindergarten\" \/>\n<meta property=\"og:description\" content=\"Unser Verein ist Mitglied im Deutschen Parit\u00e4tischen Wohlfahrtsverband (DPWV). Nach au\u00dfen wird der Verein vertreten durch einen aus sieben Personen bestehenden Vorstand.\u00a0In einem j\u00e4hrlichen Turnus werden immer drei Vorstandsmitglieder neu gew\u00e4hlt. Zur Wahl stehen jeweils: 1.Vorsitzender 2. Vorsitzender + zwei &hellip;Continue reading &rarr;\" \/>\n<meta property=\"og:url\" content=\"https:\/\/regenbogenkiga.de\/kiga\/uber-uns\/vorstand\/\" \/>\n<meta property=\"og:site_name\" content=\"Regenbogenkindergarten\" \/>\n<meta property=\"article:modified_time\" content=\"2025-10-16T07:30:19+00:00\" \/>\n<meta name=\"twitter:label1\" content=\"Gesch\u00e4tzte Lesezeit\" \/>\n\t<meta name=\"twitter:data1\" content=\"1\u00a0Minute\" \/>\n<script type=\"application\/ld+json\" class=\"yoast-schema-graph\">{\"@context\":\"https:\/\/schema.org\",\"@graph\":[{\"@type\":\"WebPage\",\"@id\":\"https:\/\/regenbogenkiga.de\/kiga\/uber-uns\/vorstand\/\",\"url\":\"https:\/\/regenbogenkiga.de\/kiga\/uber-uns\/vorstand\/\",\"name\":\"Vorstand - Regenbogenkindergarten\",\"isPartOf\":{\"@id\":\"https:\/\/regenbogenkiga.de\/kiga\/#website\"},\"datePublished\":\"2013-10-18T09:46:22+00:00\",\"dateModified\":\"2025-10-16T07:30:19+00:00\",\"breadcrumb\":{\"@id\":\"https:\/\/regenbogenkiga.de\/kiga\/uber-uns\/vorstand\/#breadcrumb\"},\"inLanguage\":\"de\",\"potentialAction\":[{\"@type\":\"ReadAction\",\"target\":[\"https:\/\/regenbogenkiga.de\/kiga\/uber-uns\/vorstand\/\"]}]},{\"@type\":\"BreadcrumbList\",\"@id\":\"https:\/\/regenbogenkiga.de\/kiga\/uber-uns\/vorstand\/#breadcrumb\",\"itemListElement\":[{\"@type\":\"ListItem\",\"position\":1,\"name\":\"\u00dcber uns\",\"item\":\"https:\/\/regenbogenkiga.de\/kiga\/uber-uns\/\"},{\"@type\":\"ListItem\",\"position\":2,\"name\":\"Vorstand\"}]},{\"@type\":\"WebSite\",\"@id\":\"https:\/\/regenbogenkiga.de\/kiga\/#website\",\"url\":\"https:\/\/regenbogenkiga.de\/kiga\/\",\"name\":\"Regenbogenkindergarten\",\"description\":\"Elterninitiative Kindergarten Regenbogen e.V. -  Hamminkeln\",\"potentialAction\":[{\"@type\":\"SearchAction\",\"target\":{\"@type\":\"EntryPoint\",\"urlTemplate\":\"https:\/\/regenbogenkiga.de\/kiga\/?s={search_term_string}\"},\"query-input\":\"required name=search_term_string\"}],\"inLanguage\":\"de\"}]}<\/script>\n<!-- \/ Yoast SEO plugin. -->","yoast_head_json":{"title":"Vorstand - Regenbogenkindergarten","robots":{"index":"index","follow":"follow","max-snippet":"max-snippet:-1","max-image-preview":"max-image-preview:large","max-video-preview":"max-video-preview:-1"},"canonical":"https:\/\/regenbogenkiga.de\/kiga\/uber-uns\/vorstand\/","og_locale":"de_DE","og_type":"article","og_title":"Vorstand - Regenbogenkindergarten","og_description":"Unser Verein ist Mitglied im Deutschen Parit\u00e4tischen Wohlfahrtsverband (DPWV). Nach au\u00dfen wird der Verein vertreten durch einen aus sieben Personen bestehenden Vorstand.\u00a0In einem j\u00e4hrlichen Turnus werden immer drei Vorstandsmitglieder neu gew\u00e4hlt. Zur Wahl stehen jeweils: 1.Vorsitzender 2. Vorsitzender + zwei &hellip;Continue reading &rarr;","og_url":"https:\/\/regenbogenkiga.de\/kiga\/uber-uns\/vorstand\/","og_site_name":"Regenbogenkindergarten","article_modified_time":"2025-10-16T07:30:19+00:00","twitter_misc":{"Gesch\u00e4tzte Lesezeit":"1\u00a0Minute"},"schema":{"@context":"https:\/\/schema.org","@graph":[{"@type":"WebPage","@id":"https:\/\/regenbogenkiga.de\/kiga\/uber-uns\/vorstand\/","url":"https:\/\/regenbogenkiga.de\/kiga\/uber-uns\/vorstand\/","name":"Vorstand - Regenbogenkindergarten","isPartOf":{"@id":"https:\/\/regenbogenkiga.de\/kiga\/#website"},"datePublished":"2013-10-18T09:46:22+00:00","dateModified":"2025-10-16T07:30:19+00:00","breadcrumb":{"@id":"https:\/\/regenbogenkiga.de\/kiga\/uber-uns\/vorstand\/#breadcrumb"},"inLanguage":"de","potentialAction":[{"@type":"ReadAction","target":["https:\/\/regenbogenkiga.de\/kiga\/uber-uns\/vorstand\/"]}]},{"@type":"BreadcrumbList","@id":"https:\/\/regenbogenkiga.de\/kiga\/uber-uns\/vorstand\/#breadcrumb","itemListElement":[{"@type":"ListItem","position":1,"name":"\u00dcber uns","item":"https:\/\/regenbogenkiga.de\/kiga\/uber-uns\/"},{"@type":"ListItem","position":2,"name":"Vorstand"}]},{"@type":"WebSite","@id":"https:\/\/regenbogenkiga.de\/kiga\/#website","url":"https:\/\/regenbogenkiga.de\/kiga\/","name":"Regenbogenkindergarten","description":"Elterninitiative Kindergarten Regenbogen e.V. -  Hamminkeln","potentialAction":[{"@type":"SearchAction","target":{"@type":"EntryPoint","urlTemplate":"https:\/\/regenbogenkiga.de\/kiga\/?s={search_term_string}"},"query-input":"required name=search_term_string"}],"inLanguage":"de"}]}},"_links":{"self":[{"href":"https:\/\/regenbogenkiga.de\/kiga\/wp-json\/wp\/v2\/pages\/517"}],"collection":[{"href":"https:\/\/regenbogenkiga.de\/kiga\/wp-json\/wp\/v2\/pages"}],"about":[{"href":"https:\/\/regenbogenkiga.de\/kiga\/wp-json\/wp\/v2\/types\/page"}],"author":[{"embeddable":true,"href":"https:\/\/regenbogenkiga.de\/kiga\/wp-json\/wp\/v2\/users\/1"}],"replies":[{"embeddable":true,"href":"https:\/\/regenbogenkiga.de\/kiga\/wp-json\/wp\/v2\/comments?post=517"}],"version-history":[{"count":37,"href":"https:\/\/regenbogenkiga.de\/kiga\/wp-json\/wp\/v2\/pages\/517\/revisions"}],"predecessor-version":[{"id":1492,"href":"https:\/\/regenbogenkiga.de\/kiga\/wp-json\/wp\/v2\/pages\/517\/revisions\/1492"}],"up":[{"embeddable":true,"href":"https:\/\/regenbogenkiga.de\/kiga\/wp-json\/wp\/v2\/pages\/6"}],"wp:attachment":[{"href":"https:\/\/regenbogenkiga.de\/kiga\/wp-json\/wp\/v2\/media?parent=517"}],"curies":[{"name":"wp","href":"https:\/\/api.w.org\/{rel}","templated":true}]}}

<p>Unser Verein ist Mitglied im Deutschen Paritätischen Wohlfahrtsverband (DPWV).</p>
<p>Nach außen wird der Verein vertreten durch einen aus sieben Personen bestehenden Vorstand. In einem jährlichen Turnus werden immer drei Vorstandsmitglieder neu gewählt.</p>
<p>Zur Wahl stehen jeweils:</p>
<ol style="list-style-type: lower-alpha;">
<li>1.Vorsitzender</li>
<li>2. Vorsitzender</li>
</ol>
<ul>
<li>+ zwei Beisitzer</li>
<li>+ zwei Beisitzer</li>
</ul>
<p>Mindestens vier Vorstandsmitglieder müssen Elternteil eines Kindergartenkindes der Einrichtung sein. Der Geschäftsführer wird vom Vorstand gewählt. Der Elternverein ist als Träger der Einrichtung auch der Arbeitgeber des dort beschäftigten Personals. Alle diesbezüglichen Entscheidungen trifft der Vorstand nach Absprache mit der Leiterin bzw. Team. Die Aufnahme eines Kindes in die Kindertagesstätte macht für Eltern den Vereinsbeitritt erforderlich.</p>
<p>Der Vorstand trifft sich einmal im Monat zur Vorstandssitzung. Dort werden alle für den Kindergarten wichtigen Entscheidungen erörtert und getroffen.</p>
<p>&nbsp;</p>
<p><strong><u>Aktuelle Vorstandsmitglieder:</u></strong></p>
<p>&nbsp;</p>
<ul>
<li>Michael Amerkamp, Geschäftsführer</li>
<li>Julia Tyrtania, 1. Vorsitzende</li>
<li>Andreas Hebing, 2. Vorsitzender</li>
<li>Marvin Thölke, Beisitzer</li>
<li>Claudia Hurtienne, Beisitzerin</li>
<li>Wiebke Kipp, Beisitzerin</li>
<li>Christian Kathemann, Beisitzer</li>
</ul>
<p>&nbsp;</p>

<p>Unser Verein ist Mitglied im Deutschen Paritätischen Wohlfahrtsverband (DPWV). Nach außen wird der Verein vertreten durch einen aus sieben Personen bestehenden Vorstand. In einem jährlichen Turnus werden immer drei Vorstandsmitglieder neu gewählt. Zur Wahl stehen jeweils: 1.Vorsitzender 2. Vorsitzender + zwei &hellip;<span class="more-link"><a href="https://regenbogenkiga.de/kiga/uber-uns/vorstand/"><span class="button">Continue reading &rarr;</span></a></span></p>

<!-- This site is optimized with the Yoast SEO plugin v21.3 - https://yoast.com/wordpress/plugins/seo/ -->
<title>Vorstand - Regenbogenkindergarten</title>
<meta name="robots" content="index, follow, max-snippet:-1, max-image-preview:large, max-video-preview:-1" />
<link rel="canonical" href="https://regenbogenkiga.de/kiga/uber-uns/vorstand/" />
<meta property="og:locale" content="de_DE" />
<meta property="og:type" content="article" />
<meta property="og:title" content="Vorstand - Regenbogenkindergarten" />
<meta property="og:description" content="Unser Verein ist Mitglied im Deutschen Paritätischen Wohlfahrtsverband (DPWV). Nach außen wird der Verein vertreten durch einen aus sieben Personen bestehenden Vorstand. In einem jährlichen Turnus werden immer drei Vorstandsmitglieder neu gewählt. Zur Wahl stehen jeweils: 1.Vorsitzender 2. Vorsitzender + zwei &hellip;Continue reading &rarr;" />
<meta property="og:url" content="https://regenbogenkiga.de/kiga/uber-uns/vorstand/" />
<meta property="og:site_name" content="Regenbogenkindergarten" />
<meta property="article:modified_time" content="2025-10-16T07:30:19+00:00" />
<meta name="twitter:label1" content="Geschätzte Lesezeit" />
	<meta name="twitter:data1" content="1 Minute" />
<script type="application/ld+json" class="yoast-schema-graph">{"@context":"https://schema.org","@graph":[{"@type":"WebPage","@id":"https://regenbogenkiga.de/kiga/uber-uns/vorstand/","url":"https://regenbogenkiga.de/kiga/uber-uns/vorstand/","name":"Vorstand - Regenbogenkindergarten","isPartOf":{"@id":"https://regenbogenkiga.de/kiga/#website"},"datePublished":"2013-10-18T09:46:22+00:00","dateModified":"2025-10-16T07:30:19+00:00","breadcrumb":{"@id":"https://regenbogenkiga.de/kiga/uber-uns/vorstand/#breadcrumb"},"inLanguage":"de","potentialAction":[{"@type":"ReadAction","target":["https://regenbogenkiga.de/kiga/uber-uns/vorstand/"]}]},{"@type":"BreadcrumbList","@id":"https://regenbogenkiga.de/kiga/uber-uns/vorstand/#breadcrumb","itemListElement":[{"@type":"ListItem","position":1,"name":"Über uns","item":"https://regenbogenkiga.de/kiga/uber-uns/"},{"@type":"ListItem","position":2,"name":"Vorstand"}]},{"@type":"WebSite","@id":"https://regenbogenkiga.de/kiga/#website","url":"https://regenbogenkiga.de/kiga/","name":"Regenbogenkindergarten","description":"Elterninitiative Kindergarten Regenbogen e.V. -  Hamminkeln","potentialAction":[{"@type":"SearchAction","target":{"@type":"EntryPoint","urlTemplate":"https://regenbogenkiga.de/kiga/?s={search_term_string}"},"query-input":"required name=search_term_string"}],"inLanguage":"de"}]}</script>
<!-- / Yoast SEO plugin. -->

Unser Verein ist Mitglied im Deutschen Paritätischen Wohlfahrtsverband (DPWV). Nach außen wird der Verein vertreten durch einen aus sieben Personen bestehenden Vorstand. In einem jährlichen Turnus werden immer drei Vorstandsmitglieder neu gewählt. Zur Wahl stehen jeweils: 1.Vorsitzender 2. Vorsitzender + zwei &hellip;Continue reading &rarr;

Über uns
