{"id":42,"date":"2013-07-08T13:09:00","date_gmt":"2013-07-08T11:09:00","guid":{"rendered":"http:\/\/regenbogenkiga.de\/kiga\/?page_id=42"},"modified":"2018-09-17T15:00:30","modified_gmt":"2018-09-17T13:00:30","slug":"beratung","status":"publish","type":"page","link":"https:\/\/regenbogenkiga.de\/kiga\/uber-uns\/beratung\/","title":{"rendered":"Elterninitiative"},"content":{"rendered":"<p>Wir sind ein Elterninitiativ-Kindergarten!<\/p>\n<p>Gegr\u00fcndet 1991, haben seitdem bei uns viele Eltern ihr Engagement mit eingebracht, um die Idee der Elterninitiative umzusetzen. Alle Familien sind Mitglied im Kindergartenverein. Zurzeit betreuen wir\u00a078 Kinder im Alter von zwei Jahren bis zum Schuleintritt.<\/p>\n<p>Wir treffen unsere Entscheidungen gemeinsam mit<\/p>\n<ul>\n<li>dem Team<\/li>\n<li>dem Elternrat<\/li>\n<li>dem Vorstand (7 gew\u00e4hlte Eltern)<\/li>\n<\/ul>\n<p>Damit sich die Kinder im Kindergarten und auf dem Au\u00dfengel\u00e4nde wohlf\u00fchlen, unterst\u00fctzen uns alle Familien mit zehn Pflichtstunden (Alleinerziehende f\u00fcnf) im Jahr; f\u00fcnf Stunden davon im Garten und f\u00fcnf allgemeine Stunden.<\/p>\n<p>Gemeinsame Aktionen wie Tannenbaumverkauf, Gartenaktionen, Elternabende, Elterncafe Stammtische, Feste und Feiern bieten M\u00f6glichkeiten des Kennenlernens und Einbringens.<\/p>\n","protected":false},"excerpt":{"rendered":"<p>Wir sind ein Elterninitiativ-Kindergarten! Gegr\u00fcndet 1991, haben seitdem bei uns viele Eltern ihr Engagement mit eingebracht, um die Idee der Elterninitiative umzusetzen. Alle Familien sind Mitglied im Kindergartenverein. Zurzeit betreuen wir\u00a078 Kinder im Alter von zwei Jahren bis zum Schuleintritt. &hellip;<span class=\"more-link\"><a href=\"https:\/\/regenbogenkiga.de\/kiga\/uber-uns\/beratung\/\"><span class=\"button\">Continue reading &rarr;<\/span><\/a><\/span><\/p>\n","protected":false},"author":1,"featured_media":0,"parent":6,"menu_order":0,"comment_status":"closed","ping_status":"closed","template":"","meta":{"ngg_post_thumbnail":0,"footnotes":""},"yoast_head":"<!-- This site is optimized with the Yoast SEO plugin v21.3 - https:\/\/yoast.com\/wordpress\/plugins\/seo\/ -->\n<title>Elterninitiative - Regenbogenkindergarten<\/title>\n<meta name=\"robots\" content=\"index, follow, max-snippet:-1, max-image-preview:large, max-video-preview:-1\" \/>\n<link rel=\"canonical\" href=\"https:\/\/regenbogenkiga.de\/kiga\/uber-uns\/beratung\/\" \/>\n<meta property=\"og:locale\" content=\"de_DE\" \/>\n<meta property=\"og:type\" content=\"article\" \/>\n<meta property=\"og:title\" content=\"Elterninitiative - Regenbogenkindergarten\" \/>\n<meta property=\"og:description\" content=\"Wir sind ein Elterninitiativ-Kindergarten! Gegr\u00fcndet 1991, haben seitdem bei uns viele Eltern ihr Engagement mit eingebracht, um die Idee der Elterninitiative umzusetzen. Alle Familien sind Mitglied im Kindergartenverein. Zurzeit betreuen wir\u00a078 Kinder im Alter von zwei Jahren bis zum Schuleintritt. &hellip;Continue reading &rarr;\" \/>\n<meta property=\"og:url\" content=\"https:\/\/regenbogenkiga.de\/kiga\/uber-uns\/beratung\/\" \/>\n<meta property=\"og:site_name\" content=\"Regenbogenkindergarten\" \/>\n<meta property=\"article:modified_time\" content=\"2018-09-17T13:00:30+00:00\" \/>\n<meta name=\"twitter:label1\" content=\"Gesch\u00e4tzte Lesezeit\" \/>\n\t<meta name=\"twitter:data1\" content=\"1\u00a0Minute\" \/>\n<script type=\"application\/ld+json\" class=\"yoast-schema-graph\">{\"@context\":\"https:\/\/schema.org\",\"@graph\":[{\"@type\":\"WebPage\",\"@id\":\"https:\/\/regenbogenkiga.de\/kiga\/uber-uns\/beratung\/\",\"url\":\"https:\/\/regenbogenkiga.de\/kiga\/uber-uns\/beratung\/\",\"name\":\"Elterninitiative - Regenbogenkindergarten\",\"isPartOf\":{\"@id\":\"https:\/\/regenbogenkiga.de\/kiga\/#website\"},\"datePublished\":\"2013-07-08T11:09:00+00:00\",\"dateModified\":\"2018-09-17T13:00:30+00:00\",\"breadcrumb\":{\"@id\":\"https:\/\/regenbogenkiga.de\/kiga\/uber-uns\/beratung\/#breadcrumb\"},\"inLanguage\":\"de\",\"potentialAction\":[{\"@type\":\"ReadAction\",\"target\":[\"https:\/\/regenbogenkiga.de\/kiga\/uber-uns\/beratung\/\"]}]},{\"@type\":\"BreadcrumbList\",\"@id\":\"https:\/\/regenbogenkiga.de\/kiga\/uber-uns\/beratung\/#breadcrumb\",\"itemListElement\":[{\"@type\":\"ListItem\",\"position\":1,\"name\":\"\u00dcber uns\",\"item\":\"https:\/\/regenbogenkiga.de\/kiga\/uber-uns\/\"},{\"@type\":\"ListItem\",\"position\":2,\"name\":\"Elterninitiative\"}]},{\"@type\":\"WebSite\",\"@id\":\"https:\/\/regenbogenkiga.de\/kiga\/#website\",\"url\":\"https:\/\/regenbogenkiga.de\/kiga\/\",\"name\":\"Regenbogenkindergarten\",\"description\":\"Elterninitiative Kindergarten Regenbogen e.V. -  Hamminkeln\",\"potentialAction\":[{\"@type\":\"SearchAction\",\"target\":{\"@type\":\"EntryPoint\",\"urlTemplate\":\"https:\/\/regenbogenkiga.de\/kiga\/?s={search_term_string}\"},\"query-input\":\"required name=search_term_string\"}],\"inLanguage\":\"de\"}]}<\/script>\n<!-- \/ Yoast SEO plugin. -->","yoast_head_json":{"title":"Elterninitiative - Regenbogenkindergarten","robots":{"index":"index","follow":"follow","max-snippet":"max-snippet:-1","max-image-preview":"max-image-preview:large","max-video-preview":"max-video-preview:-1"},"canonical":"https:\/\/regenbogenkiga.de\/kiga\/uber-uns\/beratung\/","og_locale":"de_DE","og_type":"article","og_title":"Elterninitiative - Regenbogenkindergarten","og_description":"Wir sind ein Elterninitiativ-Kindergarten! Gegr\u00fcndet 1991, haben seitdem bei uns viele Eltern ihr Engagement mit eingebracht, um die Idee der Elterninitiative umzusetzen. Alle Familien sind Mitglied im Kindergartenverein. Zurzeit betreuen wir\u00a078 Kinder im Alter von zwei Jahren bis zum Schuleintritt. &hellip;Continue reading &rarr;","og_url":"https:\/\/regenbogenkiga.de\/kiga\/uber-uns\/beratung\/","og_site_name":"Regenbogenkindergarten","article_modified_time":"2018-09-17T13:00:30+00:00","twitter_misc":{"Gesch\u00e4tzte Lesezeit":"1\u00a0Minute"},"schema":{"@context":"https:\/\/schema.org","@graph":[{"@type":"WebPage","@id":"https:\/\/regenbogenkiga.de\/kiga\/uber-uns\/beratung\/","url":"https:\/\/regenbogenkiga.de\/kiga\/uber-uns\/beratung\/","name":"Elterninitiative - Regenbogenkindergarten","isPartOf":{"@id":"https:\/\/regenbogenkiga.de\/kiga\/#website"},"datePublished":"2013-07-08T11:09:00+00:00","dateModified":"2018-09-17T13:00:30+00:00","breadcrumb":{"@id":"https:\/\/regenbogenkiga.de\/kiga\/uber-uns\/beratung\/#breadcrumb"},"inLanguage":"de","potentialAction":[{"@type":"ReadAction","target":["https:\/\/regenbogenkiga.de\/kiga\/uber-uns\/beratung\/"]}]},{"@type":"BreadcrumbList","@id":"https:\/\/regenbogenkiga.de\/kiga\/uber-uns\/beratung\/#breadcrumb","itemListElement":[{"@type":"ListItem","position":1,"name":"\u00dcber uns","item":"https:\/\/regenbogenkiga.de\/kiga\/uber-uns\/"},{"@type":"ListItem","position":2,"name":"Elterninitiative"}]},{"@type":"WebSite","@id":"https:\/\/regenbogenkiga.de\/kiga\/#website","url":"https:\/\/regenbogenkiga.de\/kiga\/","name":"Regenbogenkindergarten","description":"Elterninitiative Kindergarten Regenbogen e.V. -  Hamminkeln","potentialAction":[{"@type":"SearchAction","target":{"@type":"EntryPoint","urlTemplate":"https:\/\/regenbogenkiga.de\/kiga\/?s={search_term_string}"},"query-input":"required name=search_term_string"}],"inLanguage":"de"}]}},"_links":{"self":[{"href":"https:\/\/regenbogenkiga.de\/kiga\/wp-json\/wp\/v2\/pages\/42"}],"collection":[{"href":"https:\/\/regenbogenkiga.de\/kiga\/wp-json\/wp\/v2\/pages"}],"about":[{"href":"https:\/\/regenbogenkiga.de\/kiga\/wp-json\/wp\/v2\/types\/page"}],"author":[{"embeddable":true,"href":"https:\/\/regenbogenkiga.de\/kiga\/wp-json\/wp\/v2\/users\/1"}],"replies":[{"embeddable":true,"href":"https:\/\/regenbogenkiga.de\/kiga\/wp-json\/wp\/v2\/comments?post=42"}],"version-history":[{"count":16,"href":"https:\/\/regenbogenkiga.de\/kiga\/wp-json\/wp\/v2\/pages\/42\/revisions"}],"predecessor-version":[{"id":1066,"href":"https:\/\/regenbogenkiga.de\/kiga\/wp-json\/wp\/v2\/pages\/42\/revisions\/1066"}],"up":[{"embeddable":true,"href":"https:\/\/regenbogenkiga.de\/kiga\/wp-json\/wp\/v2\/pages\/6"}],"wp:attachment":[{"href":"https:\/\/regenbogenkiga.de\/kiga\/wp-json\/wp\/v2\/media?parent=42"}],"curies":[{"name":"wp","href":"https:\/\/api.w.org\/{rel}","templated":true}]}}

<p>Wir sind ein Elterninitiativ-Kindergarten!</p>
<p>Gegründet 1991, haben seitdem bei uns viele Eltern ihr Engagement mit eingebracht, um die Idee der Elterninitiative umzusetzen. Alle Familien sind Mitglied im Kindergartenverein. Zurzeit betreuen wir 78 Kinder im Alter von zwei Jahren bis zum Schuleintritt.</p>
<p>Wir treffen unsere Entscheidungen gemeinsam mit</p>
<ul>
<li>dem Team</li>
<li>dem Elternrat</li>
<li>dem Vorstand (7 gewählte Eltern)</li>
</ul>
<p>Damit sich die Kinder im Kindergarten und auf dem Außengelände wohlfühlen, unterstützen uns alle Familien mit zehn Pflichtstunden (Alleinerziehende fünf) im Jahr; fünf Stunden davon im Garten und fünf allgemeine Stunden.</p>
<p>Gemeinsame Aktionen wie Tannenbaumverkauf, Gartenaktionen, Elternabende, Elterncafe Stammtische, Feste und Feiern bieten Möglichkeiten des Kennenlernens und Einbringens.</p>

<p>Wir sind ein Elterninitiativ-Kindergarten! Gegründet 1991, haben seitdem bei uns viele Eltern ihr Engagement mit eingebracht, um die Idee der Elterninitiative umzusetzen. Alle Familien sind Mitglied im Kindergartenverein. Zurzeit betreuen wir 78 Kinder im Alter von zwei Jahren bis zum Schuleintritt. &hellip;<span class="more-link"><a href="https://regenbogenkiga.de/kiga/uber-uns/beratung/"><span class="button">Continue reading &rarr;</span></a></span></p>

<!-- This site is optimized with the Yoast SEO plugin v21.3 - https://yoast.com/wordpress/plugins/seo/ -->
<title>Elterninitiative - Regenbogenkindergarten</title>
<meta name="robots" content="index, follow, max-snippet:-1, max-image-preview:large, max-video-preview:-1" />
<link rel="canonical" href="https://regenbogenkiga.de/kiga/uber-uns/beratung/" />
<meta property="og:locale" content="de_DE" />
<meta property="og:type" content="article" />
<meta property="og:title" content="Elterninitiative - Regenbogenkindergarten" />
<meta property="og:description" content="Wir sind ein Elterninitiativ-Kindergarten! Gegründet 1991, haben seitdem bei uns viele Eltern ihr Engagement mit eingebracht, um die Idee der Elterninitiative umzusetzen. Alle Familien sind Mitglied im Kindergartenverein. Zurzeit betreuen wir 78 Kinder im Alter von zwei Jahren bis zum Schuleintritt. &hellip;Continue reading &rarr;" />
<meta property="og:url" content="https://regenbogenkiga.de/kiga/uber-uns/beratung/" />
<meta property="og:site_name" content="Regenbogenkindergarten" />
<meta property="article:modified_time" content="2018-09-17T13:00:30+00:00" />
<meta name="twitter:label1" content="Geschätzte Lesezeit" />
	<meta name="twitter:data1" content="1 Minute" />
<script type="application/ld+json" class="yoast-schema-graph">{"@context":"https://schema.org","@graph":[{"@type":"WebPage","@id":"https://regenbogenkiga.de/kiga/uber-uns/beratung/","url":"https://regenbogenkiga.de/kiga/uber-uns/beratung/","name":"Elterninitiative - Regenbogenkindergarten","isPartOf":{"@id":"https://regenbogenkiga.de/kiga/#website"},"datePublished":"2013-07-08T11:09:00+00:00","dateModified":"2018-09-17T13:00:30+00:00","breadcrumb":{"@id":"https://regenbogenkiga.de/kiga/uber-uns/beratung/#breadcrumb"},"inLanguage":"de","potentialAction":[{"@type":"ReadAction","target":["https://regenbogenkiga.de/kiga/uber-uns/beratung/"]}]},{"@type":"BreadcrumbList","@id":"https://regenbogenkiga.de/kiga/uber-uns/beratung/#breadcrumb","itemListElement":[{"@type":"ListItem","position":1,"name":"Über uns","item":"https://regenbogenkiga.de/kiga/uber-uns/"},{"@type":"ListItem","position":2,"name":"Elterninitiative"}]},{"@type":"WebSite","@id":"https://regenbogenkiga.de/kiga/#website","url":"https://regenbogenkiga.de/kiga/","name":"Regenbogenkindergarten","description":"Elterninitiative Kindergarten Regenbogen e.V. -  Hamminkeln","potentialAction":[{"@type":"SearchAction","target":{"@type":"EntryPoint","urlTemplate":"https://regenbogenkiga.de/kiga/?s={search_term_string}"},"query-input":"required name=search_term_string"}],"inLanguage":"de"}]}</script>
<!-- / Yoast SEO plugin. -->

Wir sind ein Elterninitiativ-Kindergarten! Gegründet 1991, haben seitdem bei uns viele Eltern ihr Engagement mit eingebracht, um die Idee der Elterninitiative umzusetzen. Alle Familien sind Mitglied im Kindergartenverein. Zurzeit betreuen wir 78 Kinder im Alter von zwei Jahren bis zum Schuleintritt. &hellip;Continue reading &rarr;

Über uns
