{"id":11,"date":"2013-07-08T12:47:07","date_gmt":"2013-07-08T10:47:07","guid":{"rendered":"http:\/\/regenbogenkiga.de\/kiga\/?page_id=11"},"modified":"2014-03-25T14:11:26","modified_gmt":"2014-03-25T12:11:26","slug":"unsere-gruppen-2","status":"publish","type":"page","link":"https:\/\/regenbogenkiga.de\/kiga\/unsere-gruppen-2\/","title":{"rendered":"P\u00e4dagogik"},"content":{"rendered":"<ul>\n<li><span style=\"line-height: 26.666667938232422px;\"><strong><span style=\"font-size: 18px;\">\u201eKinder sind G\u00e4ste, die nach dem Weg fragen\u201c<\/span><\/strong>, Irina Prekop<\/span><\/li>\n<\/ul>\n<p>Eine \u00a0wichtige Voraussetzung f\u00fcr die p\u00e4dagogische Arbeit ist die Grundhaltung dem Kind gegen\u00fcber, die sich f\u00fcr uns kennzeichnet durch ein hohes Ma\u00df an Achtung und Respekt vor der kindlichen Person. Wir legen Wert auf eine achtsame Haltung dem Kind gegen\u00fcber und geben jedem die M\u00f6glichkeit, einen eigenen Weg in seiner Entwicklung zu gehen.<\/p>\n<ul>\n<li>Das soziale Miteinander in der Gruppe und ein strukturierter Tagesablauf bietet den Kindern die M\u00f6glichkeit, ihre F\u00e4higkeiten und Fertigkeiten frei zu entfalten.<\/li>\n<li>Unser Alltag untergliedert sich, entsprechend der kindlichen Bed\u00fcrfnisse, in angemessene Freispiel- und Angebotsphasen.<\/li>\n<li>Unser Bildungskonzept ist auf der Grundlage des Erfahrungslernens aufgebaut. Die durch uns gestaltete Umwelt soll den Kindern Ort des Erlebens, Erfahrens und Experimentierens sein.<\/li>\n<li>\u00dcber vielf\u00e4ltige Medien dokumentieren wir die Entwicklung der Kinder, \u00fcber die ein regelm\u00e4\u00dfiger Austausch mit den Eltern stattfindet.<\/li>\n<\/ul>\n","protected":false},"excerpt":{"rendered":"<p>\u201eKinder sind G\u00e4ste, die nach dem Weg fragen\u201c, Irina Prekop Eine \u00a0wichtige Voraussetzung f\u00fcr die p\u00e4dagogische Arbeit ist die Grundhaltung dem Kind gegen\u00fcber, die sich f\u00fcr uns kennzeichnet durch ein hohes Ma\u00df an Achtung und Respekt vor der kindlichen Person. &hellip;<span class=\"more-link\"><a href=\"https:\/\/regenbogenkiga.de\/kiga\/unsere-gruppen-2\/\"><span class=\"button\">Continue reading &rarr;<\/span><\/a><\/span><\/p>\n","protected":false},"author":1,"featured_media":0,"parent":0,"menu_order":0,"comment_status":"closed","ping_status":"closed","template":"","meta":{"ngg_post_thumbnail":0,"footnotes":""},"yoast_head":"<!-- This site is optimized with the Yoast SEO plugin v21.3 - https:\/\/yoast.com\/wordpress\/plugins\/seo\/ -->\n<title>P\u00e4dagogik - Regenbogenkindergarten<\/title>\n<meta name=\"robots\" content=\"index, follow, max-snippet:-1, max-image-preview:large, max-video-preview:-1\" \/>\n<link rel=\"canonical\" href=\"https:\/\/regenbogenkiga.de\/kiga\/unsere-gruppen-2\/\" \/>\n<meta property=\"og:locale\" content=\"de_DE\" \/>\n<meta property=\"og:type\" content=\"article\" \/>\n<meta property=\"og:title\" content=\"P\u00e4dagogik - Regenbogenkindergarten\" \/>\n<meta property=\"og:description\" content=\"\u201eKinder sind G\u00e4ste, die nach dem Weg fragen\u201c, Irina Prekop Eine \u00a0wichtige Voraussetzung f\u00fcr die p\u00e4dagogische Arbeit ist die Grundhaltung dem Kind gegen\u00fcber, die sich f\u00fcr uns kennzeichnet durch ein hohes Ma\u00df an Achtung und Respekt vor der kindlichen Person. &hellip;Continue reading &rarr;\" \/>\n<meta property=\"og:url\" content=\"https:\/\/regenbogenkiga.de\/kiga\/unsere-gruppen-2\/\" \/>\n<meta property=\"og:site_name\" content=\"Regenbogenkindergarten\" \/>\n<meta property=\"article:modified_time\" content=\"2014-03-25T12:11:26+00:00\" \/>\n<meta name=\"twitter:label1\" content=\"Gesch\u00e4tzte Lesezeit\" \/>\n\t<meta name=\"twitter:data1\" content=\"1\u00a0Minute\" \/>\n<script type=\"application\/ld+json\" class=\"yoast-schema-graph\">{\"@context\":\"https:\/\/schema.org\",\"@graph\":[{\"@type\":\"WebPage\",\"@id\":\"https:\/\/regenbogenkiga.de\/kiga\/unsere-gruppen-2\/\",\"url\":\"https:\/\/regenbogenkiga.de\/kiga\/unsere-gruppen-2\/\",\"name\":\"P\u00e4dagogik - Regenbogenkindergarten\",\"isPartOf\":{\"@id\":\"https:\/\/regenbogenkiga.de\/kiga\/#website\"},\"datePublished\":\"2013-07-08T10:47:07+00:00\",\"dateModified\":\"2014-03-25T12:11:26+00:00\",\"inLanguage\":\"de\",\"potentialAction\":[{\"@type\":\"ReadAction\",\"target\":[\"https:\/\/regenbogenkiga.de\/kiga\/unsere-gruppen-2\/\"]}]},{\"@type\":\"WebSite\",\"@id\":\"https:\/\/regenbogenkiga.de\/kiga\/#website\",\"url\":\"https:\/\/regenbogenkiga.de\/kiga\/\",\"name\":\"Regenbogenkindergarten\",\"description\":\"Elterninitiative Kindergarten Regenbogen e.V. -  Hamminkeln\",\"potentialAction\":[{\"@type\":\"SearchAction\",\"target\":{\"@type\":\"EntryPoint\",\"urlTemplate\":\"https:\/\/regenbogenkiga.de\/kiga\/?s={search_term_string}\"},\"query-input\":\"required name=search_term_string\"}],\"inLanguage\":\"de\"}]}<\/script>\n<!-- \/ Yoast SEO plugin. -->","yoast_head_json":{"title":"P\u00e4dagogik - Regenbogenkindergarten","robots":{"index":"index","follow":"follow","max-snippet":"max-snippet:-1","max-image-preview":"max-image-preview:large","max-video-preview":"max-video-preview:-1"},"canonical":"https:\/\/regenbogenkiga.de\/kiga\/unsere-gruppen-2\/","og_locale":"de_DE","og_type":"article","og_title":"P\u00e4dagogik - Regenbogenkindergarten","og_description":"\u201eKinder sind G\u00e4ste, die nach dem Weg fragen\u201c, Irina Prekop Eine \u00a0wichtige Voraussetzung f\u00fcr die p\u00e4dagogische Arbeit ist die Grundhaltung dem Kind gegen\u00fcber, die sich f\u00fcr uns kennzeichnet durch ein hohes Ma\u00df an Achtung und Respekt vor der kindlichen Person. &hellip;Continue reading &rarr;","og_url":"https:\/\/regenbogenkiga.de\/kiga\/unsere-gruppen-2\/","og_site_name":"Regenbogenkindergarten","article_modified_time":"2014-03-25T12:11:26+00:00","twitter_misc":{"Gesch\u00e4tzte Lesezeit":"1\u00a0Minute"},"schema":{"@context":"https:\/\/schema.org","@graph":[{"@type":"WebPage","@id":"https:\/\/regenbogenkiga.de\/kiga\/unsere-gruppen-2\/","url":"https:\/\/regenbogenkiga.de\/kiga\/unsere-gruppen-2\/","name":"P\u00e4dagogik - Regenbogenkindergarten","isPartOf":{"@id":"https:\/\/regenbogenkiga.de\/kiga\/#website"},"datePublished":"2013-07-08T10:47:07+00:00","dateModified":"2014-03-25T12:11:26+00:00","inLanguage":"de","potentialAction":[{"@type":"ReadAction","target":["https:\/\/regenbogenkiga.de\/kiga\/unsere-gruppen-2\/"]}]},{"@type":"WebSite","@id":"https:\/\/regenbogenkiga.de\/kiga\/#website","url":"https:\/\/regenbogenkiga.de\/kiga\/","name":"Regenbogenkindergarten","description":"Elterninitiative Kindergarten Regenbogen e.V. -  Hamminkeln","potentialAction":[{"@type":"SearchAction","target":{"@type":"EntryPoint","urlTemplate":"https:\/\/regenbogenkiga.de\/kiga\/?s={search_term_string}"},"query-input":"required name=search_term_string"}],"inLanguage":"de"}]}},"_links":{"self":[{"href":"https:\/\/regenbogenkiga.de\/kiga\/wp-json\/wp\/v2\/pages\/11"}],"collection":[{"href":"https:\/\/regenbogenkiga.de\/kiga\/wp-json\/wp\/v2\/pages"}],"about":[{"href":"https:\/\/regenbogenkiga.de\/kiga\/wp-json\/wp\/v2\/types\/page"}],"author":[{"embeddable":true,"href":"https:\/\/regenbogenkiga.de\/kiga\/wp-json\/wp\/v2\/users\/1"}],"replies":[{"embeddable":true,"href":"https:\/\/regenbogenkiga.de\/kiga\/wp-json\/wp\/v2\/comments?post=11"}],"version-history":[{"count":22,"href":"https:\/\/regenbogenkiga.de\/kiga\/wp-json\/wp\/v2\/pages\/11\/revisions"}],"predecessor-version":[{"id":852,"href":"https:\/\/regenbogenkiga.de\/kiga\/wp-json\/wp\/v2\/pages\/11\/revisions\/852"}],"wp:attachment":[{"href":"https:\/\/regenbogenkiga.de\/kiga\/wp-json\/wp\/v2\/media?parent=11"}],"curies":[{"name":"wp","href":"https:\/\/api.w.org\/{rel}","templated":true}]}}

Pädagogik

<ul>
<li><span style="line-height: 26.666667938232422px;"><strong><span style="font-size: 18px;">„Kinder sind Gäste, die nach dem Weg fragen“</span></strong>, Irina Prekop</span></li>
</ul>
<p>Eine  wichtige Voraussetzung für die pädagogische Arbeit ist die Grundhaltung dem Kind gegenüber, die sich für uns kennzeichnet durch ein hohes Maß an Achtung und Respekt vor der kindlichen Person. Wir legen Wert auf eine achtsame Haltung dem Kind gegenüber und geben jedem die Möglichkeit, einen eigenen Weg in seiner Entwicklung zu gehen.</p>
<ul>
<li>Das soziale Miteinander in der Gruppe und ein strukturierter Tagesablauf bietet den Kindern die Möglichkeit, ihre Fähigkeiten und Fertigkeiten frei zu entfalten.</li>
<li>Unser Alltag untergliedert sich, entsprechend der kindlichen Bedürfnisse, in angemessene Freispiel- und Angebotsphasen.</li>
<li>Unser Bildungskonzept ist auf der Grundlage des Erfahrungslernens aufgebaut. Die durch uns gestaltete Umwelt soll den Kindern Ort des Erlebens, Erfahrens und Experimentierens sein.</li>
<li>Über vielfältige Medien dokumentieren wir die Entwicklung der Kinder, über die ein regelmäßiger Austausch mit den Eltern stattfindet.</li>
</ul>

<p>„Kinder sind Gäste, die nach dem Weg fragen“, Irina Prekop Eine  wichtige Voraussetzung für die pädagogische Arbeit ist die Grundhaltung dem Kind gegenüber, die sich für uns kennzeichnet durch ein hohes Maß an Achtung und Respekt vor der kindlichen Person. &hellip;<span class="more-link"><a href="https://regenbogenkiga.de/kiga/unsere-gruppen-2/"><span class="button">Continue reading &rarr;</span></a></span></p>

<!-- This site is optimized with the Yoast SEO plugin v21.3 - https://yoast.com/wordpress/plugins/seo/ -->
<title>Pädagogik - Regenbogenkindergarten</title>
<meta name="robots" content="index, follow, max-snippet:-1, max-image-preview:large, max-video-preview:-1" />
<link rel="canonical" href="https://regenbogenkiga.de/kiga/unsere-gruppen-2/" />
<meta property="og:locale" content="de_DE" />
<meta property="og:type" content="article" />
<meta property="og:title" content="Pädagogik - Regenbogenkindergarten" />
<meta property="og:description" content="„Kinder sind Gäste, die nach dem Weg fragen“, Irina Prekop Eine  wichtige Voraussetzung für die pädagogische Arbeit ist die Grundhaltung dem Kind gegenüber, die sich für uns kennzeichnet durch ein hohes Maß an Achtung und Respekt vor der kindlichen Person. &hellip;Continue reading &rarr;" />
<meta property="og:url" content="https://regenbogenkiga.de/kiga/unsere-gruppen-2/" />
<meta property="og:site_name" content="Regenbogenkindergarten" />
<meta property="article:modified_time" content="2014-03-25T12:11:26+00:00" />
<meta name="twitter:label1" content="Geschätzte Lesezeit" />
	<meta name="twitter:data1" content="1 Minute" />
<script type="application/ld+json" class="yoast-schema-graph">{"@context":"https://schema.org","@graph":[{"@type":"WebPage","@id":"https://regenbogenkiga.de/kiga/unsere-gruppen-2/","url":"https://regenbogenkiga.de/kiga/unsere-gruppen-2/","name":"Pädagogik - Regenbogenkindergarten","isPartOf":{"@id":"https://regenbogenkiga.de/kiga/#website"},"datePublished":"2013-07-08T10:47:07+00:00","dateModified":"2014-03-25T12:11:26+00:00","inLanguage":"de","potentialAction":[{"@type":"ReadAction","target":["https://regenbogenkiga.de/kiga/unsere-gruppen-2/"]}]},{"@type":"WebSite","@id":"https://regenbogenkiga.de/kiga/#website","url":"https://regenbogenkiga.de/kiga/","name":"Regenbogenkindergarten","description":"Elterninitiative Kindergarten Regenbogen e.V. -  Hamminkeln","potentialAction":[{"@type":"SearchAction","target":{"@type":"EntryPoint","urlTemplate":"https://regenbogenkiga.de/kiga/?s={search_term_string}"},"query-input":"required name=search_term_string"}],"inLanguage":"de"}]}</script>
<!-- / Yoast SEO plugin. -->

Pädagogik - Regenbogenkindergarten

„Kinder sind Gäste, die nach dem Weg fragen“, Irina Prekop Eine  wichtige Voraussetzung für die pädagogische Arbeit ist die Grundhaltung dem Kind gegenüber, die sich für uns kennzeichnet durch ein hohes Maß an Achtung und Respekt vor der kindlichen Person. &hellip;Continue reading &rarr;
